he remainder when 5437 is divided by 1487?
976
What is the remainder when 5049 is divided by 639?
576
What is the remainder when 10683 is divided by 248?
19
Calculate the remainder when 15013 is divided by 21.
19
Calculate the remainder when 13910 is divided by 1841.
1023
What is the remainder when 50125 is divided by 52?
49
Calculate the remainder when 3350 is divided by 20.
10
Calculate the remainder when 146367 is divided by 62.
47
What is the remainder when 47591 is divided by 23792?
7
What is the remainder when 39802 is divided by 39789?
13
What is the remainder when 1154 is divided by 135?
74
What is the remainder when 5625 is divided by 1395?
45
What is the remainder when 871 is divided by 450?
421
Calculate the remainder when 6291712 is divided by 429.
427
Calculate the remainder when 4912 is divided by 259.
250
Calculate the remainder when 2774 is divided by 187.
156
What is the remainder when 186779 is divided by 93384?
11
Calculate the remainder when 1318 is divided by 275.
218
What is the remainder when 58869 is divided by 109?
9
Calculate the remainder when 91004 is divided by 144.
140
Calculate the remainder when 5865 is divided by 2898.
69
Calculate the remainder when 35397 is divided by 856.
301
What is the remainder when 27552 is divided by 2295?
12
What is the remainder when 443351 is divided by 88670?
1
Calculate the remainder when 2977223 is divided by 1683.
1679
What is the remainder when 61316 is divided by 105?
101
What is the remainder when 85815 is divided by 188?
87
Calculate the remainder when 25257 is divided by 34.
29
Calculate the remainder when 213375 is divided by 1166.
1163
What is the remainder when 25126 is divided by 9?
7
What is the remainder when 15416 is divided by 1185?
11
Calculate the remainder when 37880 is divided by 12622.
14
Calculate the remainder when 35240 is divided by 9.
5
Calculate the remainder when 2114 is divided by 1057.
0
Calculate the remainder when 38818 is divided by 329.
325
Calculate the remainder when 10367 is divided by 10211.
156
Calculate the remainder when 403 is divided by 7.
4
Calculate the remainder when 46466 is divided by 1011.
971
Calculate the remainder when 55527 is divided by 6166.
33
What is the remainder when 58453 is divided by 249?
187
Calculate the remainder when 155195 is divided by 19397.
19
Calculate the remainder when 910365 is divided by 130.
105
Calculate the remainder when 2127 is divided by 243.
183
What is the remainder when 28629 is divided by 4082?
55
What is the remainder when 2922 is divided by 179?
58
Calculate the remainder when 4697 is divided by 388.
41
What is the remainder when 316548 is divided by 45221?
1
Calculate the remainder when 4775 is divided by 10.
5
Calculate the remainder when 63078 is divided by 4.
2
Calculate the remainder when 227967 is divided by 149.
146
What is the remainder when 17571 is divided by 202?
199
Calculate the remainder when 1138 is divided by 256.
114
Calculate the remainder when 122491 is divided by 146.
143
What is the remainder when 51413 is divided by 5?
3
Calculate the remainder when 13544 is divided by 693.
377
Calculate the remainder when 1931 is divided by 741.
449
What is the remainder when 10525 is divided by 39?
34
Calculate the remainder when 73118 is divided by 125.
118
Calculate the remainder when 23689 is divided by 199.
8
What is the remainder when 373935 is divided by 2633?
49
What is the remainder when 296005 is divided by 36999?
13
Calculate the remainder when 77649 is divided by 7.
5
What is the remainder when 416203 is divided by 274?
271
What is the remainder when 5051404 is divided by 601?
600
What is the remainder when 32899 is divided by 185?
154
Calculate the remainder when 1412 is divided by 48.
20
Calculate the remainder when 671529 is divided by 107.
104
Calculate the remainder when 664783 is divided by 24.
7
What is the remainder when 9193 is divided by 46?
39
Calculate the remainder when 1296 is divided by 93.
87
Calculate the remainder when 288693 is divided by 55.
53
Calculate the remainder when 5133 is divided by 625.
133
Calculate the remainder when 3094 is divided by 18.
16
What is the remainder when 243868 is divided by 1079?
14
Calculate the remainder when 1098 is divided by 181.
12
Calculate the remainder when 89859 is divided by 14973.
21
What is the remainder when 392123 is divided by 23?
19
What is the remainder when 364 is divided by 48?
28
Calculate the remainder when 10356 is divided by 234.
60
Calculate the remainder when 57523 is divided by 58.
45
Calculate the remainder when 17671 is divided by 7.
3
What is the remainder when 1410587 is divided by 21?
17
What is the remainder when 8415 is divided by 732?
363
Calculate the remainder when 6569 is divided by 656.
9
Calculate the remainder when 124444 is divided by 14.
12
Calculate the remainder when 55307 is divided by 22.
21
What is the remainder when 5326 is divided by 562?
268
What is the remainder when 2403396 is divided by 1001?
996
Calculate the remainder when 53950 is divided by 65.
0
What is the remainder when 296110 is divided by 4935?
10
Calculate the remainder when 3228 is divided by 226.
64
Calculate the remainder when 166424 is divided by 55472.
8
Calculate the remainder when 18801 is divided by 470.
1
Calculate the remainder when 27332 is divided by 13666.
0
What is the remainder when 270716 is divided by 36?
32
What is the remainder when 6619 is divided by 514?
451
What is the remainder when 15031 is divided by 14885?
146
Calculate the remainder when 155385 is divided by 7.
6
Calculate the remainder when 7193 is divided by 1194.
29
Calculate the remainder when 3691 is divided by 54.
19
Calculate the remainder when 106918 is divided by 55.
53
What is the remainder when 120587 is divided by 40192?
11
Calculate the remainder when 10582 is divided by 212.
194
What is the remainder when 44044 is divided by 629?
14
Calculate the remainder when 165589 is divided by 82789.
11
What is the remainder when 5791 is divided by 649?
599
What is the remainder when 4005 is divided by 801?
0
What is the remainder when 2259 is divided by 318?
33
What is the remainder when 99060 is divided by 49520?
20
What is the remainder when 33146 is divided by 85?
81
Calculate the remainder when 5284 is divided by 45.
19
Calculate the remainder when 27107 is divided by 240.
227
What is the remainder when 82154 is divided by 38?
36
Calculate the remainder when 9483 is divided by 1352.
19
Calculate the remainder when 11421 is divided by 1422.
45
What is the remainder when 1881862 is divided by 14?
10
What is the remainder when 106294 is divided by 824?
822
What is the remainder when 24271 is divided by 427?
359
Calculate the remainder when 615 is divided by 6.
3
What is the remainder when 169315 is divided by 56422?
49
Calculate the remainder when 5146 is divided by 1613.
307
Calculate the remainder when 566956 is divided by 188985.
1
Calculate the remainder when 28228 is divided by 28214.
14
Calculate the remainder when 44606 is divided by 572.
562
Calculate the remainder when 3347 is divided by 236.
43
Calculate the remainder when 5755 is divided by 11.
2
What is the remainder when 605147 is divided by 173?
166
What is the remainder when 601394 is divided by 21478?
10
What is the remainder when 79065 is divided by 393?
72
Calculate the remainder when 33628 is divided by 8402.
20
What is the remainder when 7856422 is divided by 12?
10
Calculate the remainder when 82407 is divided by 59.
43
What is the remainder when 10874 is divided by 1208?
2
Calculate the remainder when 510038 is divided by 54.
8
Calculate the remainder when 1348 is divided by 436.
40
What is the remainder when 38759 is divided by 1203?
263
Calculate the remainder when 1894 is divided by 373.
29
What is the remainder when 5337 is divided by 129?
48
What is the remainder when 395984 is divided by 79196?
4
What is the remainder when 86082 is divided by 42989?
104
What is the remainder when 9220 is divided by 30?
10
What is the remainder when 71627 is divided by 6509?
28
What is the remainder when 8880 is divided by 2959?
3
Calculate the remainder when 4262 is divided by 203.
202
Calculate the remainder when 9413 is divided by 1339.
40
What is the remainder when 1194 